{"id":1157,"date":"2024-12-25T11:55:29","date_gmt":"2024-12-25T10:55:29","guid":{"rendered":"https:\/\/die-heimat-thueringen.de\/adomanyok\/"},"modified":"2025-02-12T20:03:18","modified_gmt":"2025-02-12T19:03:18","slug":"adomanyok","status":"publish","type":"page","link":"https:\/\/die-heimat-thueringen.de\/hu\/adomanyok\/","title":{"rendered":"Adom\u00e1nyok"},"content":{"rendered":"<p><div class=\"fusion-fullwidth fullwidth-box fusion-builder-row-1 fusion-flex-container has-pattern-background has-mask-background nonhundred-percent-fullwidth non-hundred-percent-height-scrolling gradient-container-1\" style=\"--awb-border-radius-top-left:0px;--awb-border-radius-top-right:0px;--awb-border-radius-bottom-right:0px;--awb-border-radius-bottom-left:0px;--awb-flex-wrap:wrap;\" ><div class=\"fusion-builder-row fusion-row fusion-flex-align-items-flex-start fusion-flex-content-wrap\" style=\"max-width:1404px;margin-left: calc(-4% \/ 2 );margin-right: calc(-4% \/ 2 );\"><div class=\"fusion-layout-column fusion_builder_column fusion-builder-column-0 fusion_builder_column_1_1 1_1 fusion-flex-column\" style=\"--awb-bg-size:cover;--awb-width-large:100%;--awb-margin-top-large:0px;--awb-spacing-right-large:1.92%;--awb-margin-bottom-large:20px;--awb-spacing-left-large:1.92%;--awb-width-medium:100%;--awb-order-medium:0;--awb-spacing-right-medium:1.92%;--awb-spacing-left-medium:1.92%;--awb-width-small:100%;--awb-order-small:0;--awb-spacing-right-small:1.92%;--awb-spacing-left-small:1.92%;\"><div class=\"fusion-column-wrapper fusion-column-has-shadow fusion-flex-justify-content-flex-start fusion-content-layout-column\"><div class=\"fusion-title title fusion-title-1 fusion-title-text fusion-title-size-one\" style=\"--awb-margin-top-small:10px;--awb-margin-right-small:0px;--awb-margin-bottom-small:10px;--awb-margin-left-small:0px;\"><div class=\"title-sep-container title-sep-container-left fusion-no-large-visibility fusion-no-medium-visibility fusion-no-small-visibility\"><div class=\"title-sep sep-double sep-solid\" style=\"border-color:#e2e2e2;\"><\/div><\/div><span class=\"awb-title-spacer fusion-no-large-visibility fusion-no-medium-visibility fusion-no-small-visibility\"><\/span><h1 class=\"fusion-title-heading title-heading-left\" style=\"margin:0;\">Adom\u00e1nyozni Th\u00fcringia sz\u00e1m\u00e1ra<\/h1><span class=\"awb-title-spacer\"><\/span><div class=\"title-sep-container title-sep-container-right\"><div class=\"title-sep sep-double sep-solid\" style=\"border-color:#e2e2e2;\"><\/div><\/div><\/div><div class=\"fusion-text fusion-text-1\"><div class=\"wpb_text_column wpb_content_element wpb_animate_when_almost_visible wpb_appear appear vc_custom_1731873862403 wpb_start_animation animated\">\n<div class=\"wpb_wrapper\">\n<p>A bevett p\u00e1rtok hihetetlen \u00f6sszegekkel rendelkeznek, amelyeket v\u00e1laszt\u00e1si kamp\u00e1nyokra \u00e9s az \u00fagynevezett \u201ejobboldal elleni harcra\u201d pazarolnak el. Ezek a p\u00e9nzek gyakran az ad\u00f3fizet\u0151k p\u00e9nz\u00e9b\u0151l sz\u00e1rmaznak. A \u201eDie Heimat\u201d k\u00f6zel sem kap annyi p\u00e9nzt, mint a t\u00f6bbi p\u00e1rt.<\/p>\n<p>A napi politikai munk\u00e1nk finansz\u00edroz\u00e1sa \u00e9s a v\u00e1laszt\u00e1si kamp\u00e1nyok kifizet\u00e9se \u00e9rdek\u00e9ben magas k\u00f6lts\u00e9gek mer\u00fclnek fel, amelyek nagyr\u00e9szt a funkcion\u00e1riusainkat terhelik. Ahhoz, hogy m\u00e9g er\u0151sebb\u00e9 v\u00e1ljunk \u00e9s m\u00e9g t\u00f6bb lehet\u0151s\u00e9get kapjunk a politikai v\u00e1ltoz\u00e1sokra, az adom\u00e1nyok nagyon hasznosak sz\u00e1munkra. Sok \u00e1llampolg\u00e1r m\u00e1r r\u00e1j\u00f6tt, hogy a v\u00e1laszt\u00e1sokon csak egy alternat\u00edva van: Die Heimat Minden adom\u00e1ny seg\u00edt nek\u00fcnk abban, hogy eredm\u00e9nyeinket \u00e9s sikereinket m\u00e9g tov\u00e1bb jav\u00edthassuk.<\/p>\n<p>\u00d6nnek is lehet\u0151s\u00e9ge van arra, hogy adom\u00e1ny\u00e1val t\u00e1mogassa a \u201eDie Heimat\u201d-ot, \u00e9s jelent\u0151sen hozz\u00e1j\u00e1ruljon T\u00fcringia megment\u00e9s\u00e9hez.<\/p>\n<\/div>\n<\/div>\n<\/div><\/div><\/div><\/div><\/div><div class=\"fusion-fullwidth fullwidth-box fusion-builder-row-2 fusion-flex-container has-pattern-background has-mask-background nonhundred-percent-fullwidth non-hundred-percent-height-scrolling gradient-container-2\" style=\"--awb-border-radius-top-left:0px;--awb-border-radius-top-right:0px;--awb-border-radius-bottom-right:0px;--awb-border-radius-bottom-left:0px;--awb-flex-wrap:wrap;\" ><div class=\"fusion-builder-row fusion-row fusion-flex-align-items-flex-start fusion-flex-content-wrap\" style=\"max-width:1404px;margin-left: calc(-4% \/ 2 );margin-right: calc(-4% \/ 2 );\"><div class=\"fusion-layout-column fusion_builder_column fusion-builder-column-1 fusion_builder_column_1_2 1_2 fusion-flex-column\" style=\"--awb-bg-size:cover;--awb-width-large:50%;--awb-margin-top-large:0px;--awb-spacing-right-large:3.84%;--awb-margin-bottom-large:20px;--awb-spacing-left-large:3.84%;--awb-width-medium:50%;--awb-order-medium:0;--awb-spacing-right-medium:3.84%;--awb-spacing-left-medium:3.84%;--awb-width-small:100%;--awb-order-small:0;--awb-spacing-right-small:1.92%;--awb-spacing-left-small:1.92%;\"><div class=\"fusion-column-wrapper fusion-column-has-shadow fusion-flex-justify-content-flex-start fusion-content-layout-column\"><div class=\"fusion-text fusion-text-2\"><h3>Ehhez haszn\u00e1lhatja a sz\u00e1mlaadatainkat:<\/h3>\n<h4>Die Heimat Landesverband Th\u00fcringen<br \/>\nIBAN: DE58 8405 5050 0012 0103 91<br \/>\nBIC: HELADEF1WAK (Wartburg -Sparkasse)<\/h4>\n<\/div><\/div><\/div><div class=\"fusion-layout-column fusion_builder_column fusion-builder-column-2 fusion_builder_column_1_2 1_2 fusion-flex-column\" style=\"--awb-bg-size:cover;--awb-width-large:50%;--awb-margin-top-large:0px;--awb-spacing-right-large:3.84%;--awb-margin-bottom-large:20px;--awb-spacing-left-large:3.84%;--awb-width-medium:50%;--awb-order-medium:0;--awb-spacing-right-medium:3.84%;--awb-spacing-left-medium:3.84%;--awb-width-small:100%;--awb-order-small:0;--awb-spacing-right-small:1.92%;--awb-spacing-left-small:1.92%;\"><div class=\"fusion-column-wrapper fusion-column-has-shadow fusion-flex-justify-content-flex-start fusion-content-layout-column\"><div class=\"fusion-text fusion-text-3\"><div class=\"wpb_text_column wpb_content_element wpb_animate_when_almost_visible wpb_right-to-left right-to-left wpb_start_animation animated\">\n<div class=\"wpb_wrapper\">\n<p><strong>K\u00e9rd\u00e9se van, vagy szem\u00e9lyes konzult\u00e1ci\u00f3t szeretne?<\/strong><\/p>\n<p>Akkor vegye fel vel\u00fcnk a kapcsolatot. Sz\u00edvesen tal\u00e1lkozunk \u00d6nnel az \u00d6n ter\u00fclet\u00e9n is, \u00e9s tan\u00e1csot adunk, hogyan t\u00e1mogathat minket anyagilag.<\/p>\n<p>P\u00e9nz\u00fcgyi t\u00e9m\u00e1ban szem\u00e9lyes kapcsolattart\u00f3nk \u00e1ll az \u00d6n rendelkez\u00e9s\u00e9re:<\/p>\n<\/div>\n<\/div>\n<\/div><div class=\"fusion-person person fusion-person-center fusion-person-1 fusion-person-icon-top fusion-animated\" style=\"--awb-pic-style-color:#000000;--awb-pic-borderradius:0px;--awb-margin-top:0px;--awb-margin-right:0px;--awb-margin-bottom:0px;--awb-margin-left:0px;--awb-social-box-border-top:0px;--awb-social-box-border-right:0px;--awb-social-box-border-bottom:0px;--awb-social-box-border-left:0px;--awb-social-box-border-color:var(--awb-color3);--awb-social-box-border-color-hover:var(--awb-color4);--awb-social-box-colors-hover:rgba(242,243,245,0.8);--awb-social-icon-boxed-colors:#f2f3f5;--awb-social-icon-colors:#9ea0a4;--awb-social-icon-colors-hover:rgba(158,160,164,0.8);\" data-animationType=\"fadeInLeft\" data-animationDuration=\"0.3\" data-animationOffset=\"top-into-view\"><div class=\"person-shortcode-image-wrapper\"><div class=\"person-image-container hover-type-zoomin dropshadow\" style=\"border:0px solid #e2e2e2;-webkit-box-shadow: 3px 3px 7px rgba(0,0,0,0.3);box-shadow: 3px 3px 7px rgba(0,0,0,0.3);-webkit-border-radius:0px;-moz-border-radius:0px;border-radius:0px;\"><img decoding=\"async\" class=\"person-img img-responsive wp-image-836\" width=\"380\" height=\"380\" src=\"https:\/\/die-heimat-thueringen.de\/wp-content\/uploads\/2024\/12\/weber-01.jpg\" alt=\"Patrick Weber\" \/><\/div><\/div><div class=\"person-desc\"><div class=\"person-author\"><div class=\"person-author-wrapper\"><span class=\"person-name\">Patrick Weber<\/span><span class=\"person-title\">\u00c1llami kincst\u00e1rnok (Die Heimat T\u00fcringia)<\/span><\/div><div class=\"fusion-social-networks boxed-icons\"><div class=\"fusion-social-networks-wrapper\"><a class=\"fusion-social-network-icon fusion-tooltip fusion-mail awb-icon-mail custom\" aria-label=\"fusion-mail\" href=\"mailto:&#112;.&#119;&#101;&#098;&#101;&#114;&#064;die&#045;h&#101;&#105;m&#097;t-th&#117;e&#114;in&#103;en.&#100;e\" target=\"_self\" style=\"color:#9ea0a4;background-color:#f2f3f5;border-color:var(--awb-color3);border-radius:4px;font-size:16px;padding:8px;\" data-placement=\"left\" data-title=\"Mail\" title=\"Mail\" data-toggle=\"tooltip\"><\/a><\/div><\/div><\/div><div class=\"person-content fusion-clearfix\"><\/div><\/div><\/div><\/div><\/div><\/div><\/div><\/p>\n","protected":false},"excerpt":{"rendered":"","protected":false},"author":1,"featured_media":0,"parent":0,"menu_order":0,"comment_status":"closed","ping_status":"closed","template":"","meta":{"footnotes":""},"class_list":["post-1157","page","type-page","status-publish","hentry"],"_links":{"self":[{"href":"https:\/\/die-heimat-thueringen.de\/hu\/wp-json\/wp\/v2\/pages\/1157","targetHints":{"allow":["GET"]}}],"collection":[{"href":"https:\/\/die-heimat-thueringen.de\/hu\/wp-json\/wp\/v2\/pages"}],"about":[{"href":"https:\/\/die-heimat-thueringen.de\/hu\/wp-json\/wp\/v2\/types\/page"}],"author":[{"embeddable":true,"href":"https:\/\/die-heimat-thueringen.de\/hu\/wp-json\/wp\/v2\/users\/1"}],"replies":[{"embeddable":true,"href":"https:\/\/die-heimat-thueringen.de\/hu\/wp-json\/wp\/v2\/comments?post=1157"}],"version-history":[{"count":2,"href":"https:\/\/die-heimat-thueringen.de\/hu\/wp-json\/wp\/v2\/pages\/1157\/revisions"}],"predecessor-version":[{"id":1159,"href":"https:\/\/die-heimat-thueringen.de\/hu\/wp-json\/wp\/v2\/pages\/1157\/revisions\/1159"}],"wp:attachment":[{"href":"https:\/\/die-heimat-thueringen.de\/hu\/wp-json\/wp\/v2\/media?parent=1157"}],"curies":[{"name":"wp","href":"https:\/\/api.w.org\/{rel}","templated":true}]}}

Adományok

<p><div class="fusion-fullwidth fullwidth-box fusion-builder-row-1 fusion-flex-container has-pattern-background has-mask-background nonhundred-percent-fullwidth non-hundred-percent-height-scrolling gradient-container-1" style="--awb-border-radius-top-left:0px;--awb-border-radius-top-right:0px;--awb-border-radius-bottom-right:0px;--awb-border-radius-bottom-left:0px;--awb-flex-wrap:wrap;" ><div class="fusion-builder-row fusion-row fusion-flex-align-items-flex-start fusion-flex-content-wrap" style="max-width:1404px;margin-left: calc(-4% / 2 );margin-right: calc(-4% / 2 );"><div class="fusion-layout-column fusion_builder_column fusion-builder-column-0 fusion_builder_column_1_1 1_1 fusion-flex-column" style="--awb-bg-size:cover;--awb-width-large:100%;--awb-margin-top-large:0px;--awb-spacing-right-large:1.92%;--awb-margin-bottom-large:20px;--awb-spacing-left-large:1.92%;--awb-width-medium:100%;--awb-order-medium:0;--awb-spacing-right-medium:1.92%;--awb-spacing-left-medium:1.92%;--awb-width-small:100%;--awb-order-small:0;--awb-spacing-right-small:1.92%;--awb-spacing-left-small:1.92%;"><div class="fusion-column-wrapper fusion-column-has-shadow fusion-flex-justify-content-flex-start fusion-content-layout-column"><div class="fusion-title title fusion-title-1 fusion-title-text fusion-title-size-one" style="--awb-margin-top-small:10px;--awb-margin-right-small:0px;--awb-margin-bottom-small:10px;--awb-margin-left-small:0px;"><div class="title-sep-container title-sep-container-left fusion-no-large-visibility fusion-no-medium-visibility fusion-no-small-visibility"><div class="title-sep sep-double sep-solid" style="border-color:#e2e2e2;"></div></div><span class="awb-title-spacer fusion-no-large-visibility fusion-no-medium-visibility fusion-no-small-visibility"></span><h1 class="fusion-title-heading title-heading-left" style="margin:0;">Adományozni Thüringia számára</h1><span class="awb-title-spacer"></span><div class="title-sep-container title-sep-container-right"><div class="title-sep sep-double sep-solid" style="border-color:#e2e2e2;"></div></div></div><div class="fusion-text fusion-text-1"><div class="wpb_text_column wpb_content_element wpb_animate_when_almost_visible wpb_appear appear vc_custom_1731873862403 wpb_start_animation animated">
<div class="wpb_wrapper">
<p>A bevett pártok hihetetlen összegekkel rendelkeznek, amelyeket választási kampányokra és az úgynevezett „jobboldal elleni harcra” pazarolnak el. Ezek a pénzek gyakran az adófizetők pénzéből származnak. A „Die Heimat” közel sem kap annyi pénzt, mint a többi párt.</p>
<p>A napi politikai munkánk finanszírozása és a választási kampányok kifizetése érdekében magas költségek merülnek fel, amelyek nagyrészt a funkcionáriusainkat terhelik. Ahhoz, hogy még erősebbé váljunk és még több lehetőséget kapjunk a politikai változásokra, az adományok nagyon hasznosak számunkra. Sok állampolgár már rájött, hogy a választásokon csak egy alternatíva van: Die Heimat Minden adomány segít nekünk abban, hogy eredményeinket és sikereinket még tovább javíthassuk.</p>
<p>Önnek is lehetősége van arra, hogy adományával támogassa a „Die Heimat”-ot, és jelentősen hozzájáruljon Türingia megmentéséhez.</p>
</div>
</div>
</div></div></div></div></div><div class="fusion-fullwidth fullwidth-box fusion-builder-row-2 fusion-flex-container has-pattern-background has-mask-background nonhundred-percent-fullwidth non-hundred-percent-height-scrolling gradient-container-2" style="--awb-border-radius-top-left:0px;--awb-border-radius-top-right:0px;--awb-border-radius-bottom-right:0px;--awb-border-radius-bottom-left:0px;--awb-flex-wrap:wrap;" ><div class="fusion-builder-row fusion-row fusion-flex-align-items-flex-start fusion-flex-content-wrap" style="max-width:1404px;margin-left: calc(-4% / 2 );margin-right: calc(-4% / 2 );"><div class="fusion-layout-column fusion_builder_column fusion-builder-column-1 fusion_builder_column_1_2 1_2 fusion-flex-column" style="--awb-bg-size:cover;--awb-width-large:50%;--awb-margin-top-large:0px;--awb-spacing-right-large:3.84%;--awb-margin-bottom-large:20px;--awb-spacing-left-large:3.84%;--awb-width-medium:50%;--awb-order-medium:0;--awb-spacing-right-medium:3.84%;--awb-spacing-left-medium:3.84%;--awb-width-small:100%;--awb-order-small:0;--awb-spacing-right-small:1.92%;--awb-spacing-left-small:1.92%;"><div class="fusion-column-wrapper fusion-column-has-shadow fusion-flex-justify-content-flex-start fusion-content-layout-column"><div class="fusion-text fusion-text-2"><h3>Ehhez használhatja a számlaadatainkat:</h3>
<h4>Die Heimat Landesverband Thüringen<br />
IBAN: DE58 8405 5050 0012 0103 91<br />
BIC: HELADEF1WAK (Wartburg -Sparkasse)</h4>
</div></div></div><div class="fusion-layout-column fusion_builder_column fusion-builder-column-2 fusion_builder_column_1_2 1_2 fusion-flex-column" style="--awb-bg-size:cover;--awb-width-large:50%;--awb-margin-top-large:0px;--awb-spacing-right-large:3.84%;--awb-margin-bottom-large:20px;--awb-spacing-left-large:3.84%;--awb-width-medium:50%;--awb-order-medium:0;--awb-spacing-right-medium:3.84%;--awb-spacing-left-medium:3.84%;--awb-width-small:100%;--awb-order-small:0;--awb-spacing-right-small:1.92%;--awb-spacing-left-small:1.92%;"><div class="fusion-column-wrapper fusion-column-has-shadow fusion-flex-justify-content-flex-start fusion-content-layout-column"><div class="fusion-text fusion-text-3"><div class="wpb_text_column wpb_content_element wpb_animate_when_almost_visible wpb_right-to-left right-to-left wpb_start_animation animated">
<div class="wpb_wrapper">
<p><strong>Kérdése van, vagy személyes konzultációt szeretne?</strong></p>
<p>Akkor vegye fel velünk a kapcsolatot. Szívesen találkozunk Önnel az Ön területén is, és tanácsot adunk, hogyan támogathat minket anyagilag.</p>
<p>Pénzügyi témában személyes kapcsolattartónk áll az Ön rendelkezésére:</p>
</div>
</div>
</div><div class="fusion-person person fusion-person-center fusion-person-1 fusion-person-icon-top fusion-animated" style="--awb-pic-style-color:#000000;--awb-pic-borderradius:0px;--awb-margin-top:0px;--awb-margin-right:0px;--awb-margin-bottom:0px;--awb-margin-left:0px;--awb-social-box-border-top:0px;--awb-social-box-border-right:0px;--awb-social-box-border-bottom:0px;--awb-social-box-border-left:0px;--awb-social-box-border-color:var(--awb-color3);--awb-social-box-border-color-hover:var(--awb-color4);--awb-social-box-colors-hover:rgba(242,243,245,0.8);--awb-social-icon-boxed-colors:#f2f3f5;--awb-social-icon-colors:#9ea0a4;--awb-social-icon-colors-hover:rgba(158,160,164,0.8);" data-animationType="fadeInLeft" data-animationDuration="0.3" data-animationOffset="top-into-view"><div class="person-shortcode-image-wrapper"><div class="person-image-container hover-type-zoomin dropshadow" style="border:0px solid #e2e2e2;-webkit-box-shadow: 3px 3px 7px rgba(0,0,0,0.3);box-shadow: 3px 3px 7px rgba(0,0,0,0.3);-webkit-border-radius:0px;-moz-border-radius:0px;border-radius:0px;"><img decoding="async" class="person-img img-responsive wp-image-836" width="380" height="380" src="https://die-heimat-thueringen.de/wp-content/uploads/2024/12/weber-01.jpg" alt="Patrick Weber" /></div></div><div class="person-desc"><div class="person-author"><div class="person-author-wrapper"><span class="person-name">Patrick Weber</span><span class="person-title">Állami kincstárnok (Die Heimat Türingia)</span></div><div class="fusion-social-networks boxed-icons"><div class="fusion-social-networks-wrapper"><a class="fusion-social-network-icon fusion-tooltip fusion-mail awb-icon-mail custom" aria-label="fusion-mail" href="mailto:&#112;.&#119;&#101;&#098;&#101;&#114;&#064;die&#045;h&#101;&#105;m&#097;t-th&#117;e&#114;in&#103;en.&#100;e" target="_self" style="color:#9ea0a4;background-color:#f2f3f5;border-color:var(--awb-color3);border-radius:4px;font-size:16px;padding:8px;" data-placement="left" data-title="Mail" title="Mail" data-toggle="tooltip"></a></div></div></div><div class="person-content fusion-clearfix"></div></div></div></div></div></div></div></p>
